{"id":56,"date":"2024-04-12T23:14:58","date_gmt":"2024-04-12T21:14:58","guid":{"rendered":"https:\/\/salon-skin.hr\/?page_id=56"},"modified":"2024-04-15T21:45:34","modified_gmt":"2024-04-15T19:45:34","slug":"salon-skin","status":"publish","type":"page","link":"https:\/\/salon-skin.hr\/","title":{"rendered":"Salon Skin"},"content":{"rendered":"\t\t<div data-elementor-type=\"wp-page\" data-elementor-id=\"56\" class=\"elementor elementor-56\">\n\t\t\t\t<div class=\"elementor-element elementor-element-59215b4 e-flex e-con-boxed e-con e-parent\" data-id=\"59215b4\" data-element_type=\"container\" data-settings=\"{&quot;background_background&quot;:&quot;classic&quot;}\">\n\t\t\t\t\t<div class=\"e-con-inner\">\n\t\t\t\t<div class=\"elementor-element elementor-element-7a30f06 elementor-widget elementor-widget-heading\" data-id=\"7a30f06\" data-element_type=\"widget\" data-widget_type=\"heading.default\">\n\t\t\t\t<div class=\"elementor-widget-container\">\n\t\t\t<h2 class=\"elementor-heading-title elementor-size-default\">Salon Skin<\/h2>\t\t<\/div>\n\t\t\t\t<\/div>\n\t\t\t\t<div class=\"elementor-element elementor-element-838b26d elementor-widget elementor-widget-text-editor\" data-id=\"838b26d\" data-element_type=\"widget\" data-widget_type=\"text-editor.default\">\n\t\t\t\t<div class=\"elementor-widget-container\">\n\t\t\t\t\t\t\t<p>Brinemo o Vama ve\u0107 vi\u0161e od 10 godina<\/p>\t\t\t\t\t\t<\/div>\n\t\t\t\t<\/div>\n\t\t<div class=\"elementor-element elementor-element-c192533 e-grid e-con-boxed e-con e-child\" data-id=\"c192533\" data-element_type=\"container\">\n\t\t\t\t\t<div class=\"e-con-inner\">\n\t\t\t\t<div class=\"elementor-element elementor-element-572f2de elementor-widget__width-initial elementor-widget elementor-widget-html\" data-id=\"572f2de\" data-element_type=\"widget\" data-widget_type=\"html.default\">\n\t\t\t\t<div class=\"elementor-widget-container\">\n\t\t\t<a class=\"button-my\" href=\"tel:+38516256154\">Nazovite nas<\/a>\t\t<\/div>\n\t\t\t\t<\/div>\n\t\t\t\t<div class=\"elementor-element elementor-element-b71b884 elementor-widget__width-initial elementor-widget elementor-widget-html\" data-id=\"b71b884\" data-element_type=\"widget\" data-widget_type=\"html.default\">\n\t\t\t\t<div class=\"elementor-widget-container\">\n\t\t\t<a class=\"button-my\" href=\"#skok\">&nbsp;&nbsp;&nbsp;&nbsp;&nbsp;&nbsp;&nbsp;Karta&nbsp;&nbsp;&nbsp;&nbsp;&nbsp;&nbsp;&nbsp;    <\/a>\t\t<\/div>\n\t\t\t\t<\/div>\n\t\t\t\t\t<\/div>\n\t\t\t\t<\/div>\n\t\t\t\t\t<\/div>\n\t\t\t\t<\/div>\n\t\t<div class=\"elementor-element elementor-element-2013770 e-flex e-con-boxed e-con e-parent\" data-id=\"2013770\" data-element_type=\"container\">\n\t\t\t\t\t<div class=\"e-con-inner\">\n\t\t\t\t<div class=\"elementor-element elementor-element-f42b776 elementor-widget elementor-widget-heading\" data-id=\"f42b776\" data-element_type=\"widget\" data-widget_type=\"heading.default\">\n\t\t\t\t<div class=\"elementor-widget-container\">\n\t\t\t<h5 class=\"elementor-heading-title elementor-size-default\">Salon ljepote po Va\u0161oj mjeri<\/h5>\t\t<\/div>\n\t\t\t\t<\/div>\n\t\t\t\t<div class=\"elementor-element elementor-element-3883ccd elementor-widget elementor-widget-text-editor\" data-id=\"3883ccd\" data-element_type=\"widget\" data-widget_type=\"text-editor.default\">\n\t\t\t\t<div class=\"elementor-widget-container\">\n\t\t\t\t\t\t\t<p>Salon Skin je vje\u010dni raj za ljepotu! S vi\u0161e od desetlje\u0107a iskustva, na\u0161 salon pru\u017ea vrhunske usluge njege ko\u017ee, osvje\u017eavaju\u0107e tretmane i predanost vje\u010dnoj ljepoti. Otkrijte tajnu sjajne ko\u017ee s nama!<\/p>\t\t\t\t\t\t<\/div>\n\t\t\t\t<\/div>\n\t\t\t\t\t<\/div>\n\t\t\t\t<\/div>\n\t\t<div class=\"elementor-element elementor-element-adb3bd7 e-grid e-con-boxed e-con e-parent\" data-id=\"adb3bd7\" data-element_type=\"container\">\n\t\t\t\t\t<div class=\"e-con-inner\">\n\t\t\t\t<div class=\"elementor-element elementor-element-70f6b24 elementor-widget elementor-widget-image\" data-id=\"70f6b24\" data-element_type=\"widget\" data-widget_type=\"image.default\">\n\t\t\t\t<div class=\"elementor-widget-container\">\n\t\t\t\t\t\t\t\t\t\t<figure class=\"wp-caption\">\n\t\t\t\t\t\t\t\t\t\t<img fetchpriority=\"high\" decoding=\"async\" width=\"700\" height=\"500\" src=\"https:\/\/salon-skin.hr\/wp-content\/uploads\/2024\/04\/Dizajn-bez-naslova.png\" class=\"attachment-large size-large wp-image-142\" alt=\"\" srcset=\"https:\/\/salon-skin.hr\/wp-content\/uploads\/2024\/04\/Dizajn-bez-naslova.png 700w, https:\/\/salon-skin.hr\/wp-content\/uploads\/2024\/04\/Dizajn-bez-naslova-300x214.png 300w\" sizes=\"(max-width: 700px) 100vw, 700px\" \/>\t\t\t\t\t\t\t\t\t\t\t<figcaption class=\"widget-image-caption wp-caption-text\">Tretmani lica<\/figcaption>\n\t\t\t\t\t\t\t\t\t\t<\/figure>\n\t\t\t\t\t\t\t<\/div>\n\t\t\t\t<\/div>\n\t\t\t\t<div class=\"elementor-element elementor-element-a314c8f elementor-widget elementor-widget-image\" data-id=\"a314c8f\" data-element_type=\"widget\" data-widget_type=\"image.default\">\n\t\t\t\t<div class=\"elementor-widget-container\">\n\t\t\t\t\t\t\t\t\t\t<figure class=\"wp-caption\">\n\t\t\t\t\t\t\t\t\t\t<img decoding=\"async\" width=\"700\" height=\"500\" src=\"https:\/\/salon-skin.hr\/wp-content\/uploads\/2024\/04\/Dizajn-bez-naslova.jpg\" class=\"attachment-large size-large wp-image-141\" alt=\"\" srcset=\"https:\/\/salon-skin.hr\/wp-content\/uploads\/2024\/04\/Dizajn-bez-naslova.jpg 700w, https:\/\/salon-skin.hr\/wp-content\/uploads\/2024\/04\/Dizajn-bez-naslova-300x214.jpg 300w\" sizes=\"(max-width: 700px) 100vw, 700px\" \/>\t\t\t\t\t\t\t\t\t\t\t<figcaption class=\"widget-image-caption wp-caption-text\">Depilacije<\/figcaption>\n\t\t\t\t\t\t\t\t\t\t<\/figure>\n\t\t\t\t\t\t\t<\/div>\n\t\t\t\t<\/div>\n\t\t\t\t<div class=\"elementor-element elementor-element-c437302 elementor-widget elementor-widget-image\" data-id=\"c437302\" data-element_type=\"widget\" data-widget_type=\"image.default\">\n\t\t\t\t<div class=\"elementor-widget-container\">\n\t\t\t\t\t\t\t\t\t\t<figure class=\"wp-caption\">\n\t\t\t\t\t\t\t\t\t\t<img decoding=\"async\" width=\"700\" height=\"500\" src=\"https:\/\/salon-skin.hr\/wp-content\/uploads\/2024\/04\/Dizajn-bez-naslova-1.jpg\" class=\"attachment-large size-large wp-image-140\" alt=\"\" srcset=\"https:\/\/salon-skin.hr\/wp-content\/uploads\/2024\/04\/Dizajn-bez-naslova-1.jpg 700w, https:\/\/salon-skin.hr\/wp-content\/uploads\/2024\/04\/Dizajn-bez-naslova-1-300x214.jpg 300w\" sizes=\"(max-width: 700px) 100vw, 700px\" \/>\t\t\t\t\t\t\t\t\t\t\t<figcaption class=\"widget-image-caption wp-caption-text\">Tretmani za mr\u0161avljenje<\/figcaption>\n\t\t\t\t\t\t\t\t\t\t<\/figure>\n\t\t\t\t\t\t\t<\/div>\n\t\t\t\t<\/div>\n\t\t\t\t\t<\/div>\n\t\t\t\t<\/div>\n\t\t<div class=\"elementor-element elementor-element-064b0ca e-grid e-con-boxed e-con e-parent\" data-id=\"064b0ca\" data-element_type=\"container\">\n\t\t\t\t\t<div class=\"e-con-inner\">\n\t\t\t\t<div class=\"elementor-element elementor-element-fd5fefa elementor-widget elementor-widget-image\" data-id=\"fd5fefa\" data-element_type=\"widget\" data-widget_type=\"image.default\">\n\t\t\t\t<div class=\"elementor-widget-container\">\n\t\t\t\t\t\t\t\t\t\t\t\t\t<img loading=\"lazy\" decoding=\"async\" width=\"502\" height=\"300\" src=\"https:\/\/salon-skin.hr\/wp-content\/uploads\/2024\/04\/image836.png\" class=\"attachment-large size-large wp-image-152\" alt=\"\" srcset=\"https:\/\/salon-skin.hr\/wp-content\/uploads\/2024\/04\/image836.png 502w, https:\/\/salon-skin.hr\/wp-content\/uploads\/2024\/04\/image836-300x179.png 300w\" sizes=\"(max-width: 502px) 100vw, 502px\" \/>\t\t\t\t\t\t\t\t\t\t\t\t\t<\/div>\n\t\t\t\t<\/div>\n\t\t\t\t<div class=\"elementor-element elementor-element-6c8162f elementor-widget elementor-widget-image\" data-id=\"6c8162f\" data-element_type=\"widget\" data-widget_type=\"image.default\">\n\t\t\t\t<div class=\"elementor-widget-container\">\n\t\t\t\t\t\t\t\t\t\t\t\t\t<img loading=\"lazy\" decoding=\"async\" width=\"501\" height=\"300\" src=\"https:\/\/salon-skin.hr\/wp-content\/uploads\/2024\/04\/image873.png\" class=\"attachment-large size-large wp-image-151\" alt=\"\" srcset=\"https:\/\/salon-skin.hr\/wp-content\/uploads\/2024\/04\/image873.png 501w, https:\/\/salon-skin.hr\/wp-content\/uploads\/2024\/04\/image873-300x180.png 300w\" sizes=\"(max-width: 501px) 100vw, 501px\" \/>\t\t\t\t\t\t\t\t\t\t\t\t\t<\/div>\n\t\t\t\t<\/div>\n\t\t\t\t<div class=\"elementor-element elementor-element-408ca4f elementor-widget elementor-widget-image\" data-id=\"408ca4f\" data-element_type=\"widget\" data-widget_type=\"image.default\">\n\t\t\t\t<div class=\"elementor-widget-container\">\n\t\t\t\t\t\t\t\t\t\t\t\t\t<img loading=\"lazy\" decoding=\"async\" width=\"501\" height=\"300\" src=\"https:\/\/salon-skin.hr\/wp-content\/uploads\/2024\/04\/image825.png\" class=\"attachment-large size-large wp-image-149\" alt=\"\" srcset=\"https:\/\/salon-skin.hr\/wp-content\/uploads\/2024\/04\/image825.png 501w, https:\/\/salon-skin.hr\/wp-content\/uploads\/2024\/04\/image825-300x180.png 300w\" sizes=\"(max-width: 501px) 100vw, 501px\" \/>\t\t\t\t\t\t\t\t\t\t\t\t\t<\/div>\n\t\t\t\t<\/div>\n\t\t\t\t<div class=\"elementor-element elementor-element-3016661 elementor-widget elementor-widget-image\" data-id=\"3016661\" data-element_type=\"widget\" data-widget_type=\"image.default\">\n\t\t\t\t<div class=\"elementor-widget-container\">\n\t\t\t\t\t\t\t\t\t\t\t\t\t<img loading=\"lazy\" decoding=\"async\" width=\"501\" height=\"300\" src=\"https:\/\/salon-skin.hr\/wp-content\/uploads\/2024\/04\/review-4.png\" class=\"attachment-large size-large wp-image-150\" alt=\"\" srcset=\"https:\/\/salon-skin.hr\/wp-content\/uploads\/2024\/04\/review-4.png 501w, https:\/\/salon-skin.hr\/wp-content\/uploads\/2024\/04\/review-4-300x180.png 300w\" sizes=\"(max-width: 501px) 100vw, 501px\" \/>\t\t\t\t\t\t\t\t\t\t\t\t\t<\/div>\n\t\t\t\t<\/div>\n\t\t\t\t\t<\/div>\n\t\t\t\t<\/div>\n\t\t<article class=\"elementor-element elementor-element-25d3bcd8 e-grid e-con-boxed e-con e-parent\" data-id=\"25d3bcd8\" data-element_type=\"container\" data-settings=\"{&quot;background_background&quot;:&quot;classic&quot;}\">\n\t\t\t\t\t<div class=\"e-con-inner\">\n\t\t\t\t<div class=\"elementor-element elementor-element-3ee93756 elementor-widget elementor-widget-google_maps\" data-id=\"3ee93756\" data-element_type=\"widget\" data-widget_type=\"google_maps.default\">\n\t\t\t\t<div class=\"elementor-widget-container\">\n\t\t\t\t\t<div class=\"elementor-custom-embed\">\n\t\t\t<iframe loading=\"lazy\"\n\t\t\t\t\tsrc=\"https:\/\/maps.google.com\/maps?q=%20Sajmisna%20cesta%2016%2C%20Velika%20Gorica%2C%20Croatia&#038;t=m&#038;z=15&#038;output=embed&#038;iwloc=near\"\n\t\t\t\t\ttitle=\" Sajmisna cesta 16, Velika Gorica, Croatia\"\n\t\t\t\t\taria-label=\" Sajmisna cesta 16, Velika Gorica, Croatia\"\n\t\t\t><\/iframe>\n\t\t<\/div>\n\t\t\t\t<\/div>\n\t\t\t\t<\/div>\n\t\t\t\t<div class=\"elementor-element elementor-element-737ddb15 elementor-widget elementor-widget-heading\" data-id=\"737ddb15\" data-element_type=\"widget\" data-widget_type=\"heading.default\">\n\t\t\t\t<div class=\"elementor-widget-container\">\n\t\t\t<h2 class=\"elementor-heading-title elementor-size-default\"><div id=\"skok\">Kontaktirajte nas:<br><ul style=\"list-style-type: none;margin: 0px;padding: 0px;, Helvetica, Arial, sans-serif;font-size: 12px;font-weight: 400\"><div class=\"x9f619 x1n2onr6 x1ja2u2z x78zum5 x2lah0s x1nhvcw1 x1qjc9v5 xozqiw3 x1q0g3np xexx8yu xykv574 xbmpl8g x4cne27 xifccgj\" style=\"z-index: 0;position: relative;justify-content: flex-start;flex-flow: row;align-items: stretch;flex-shrink: 0;margin: -6px;padding-top: 0px;font-family: inherit\"><div class=\"x9f619 x1n2onr6 x1ja2u2z x78zum5 xdt5ytf x2lah0s x193iq5w xeuugli xsyo7zv x16hj40l x10b6aqq x1yrsyyn\" style=\"padding: 6px;z-index: 0;position: relative;flex-shrink: 0;flex-direction: column;max-width: 100%;min-width: 0px;font-family: inherit\"><br><\/div><\/div><div class=\"x9f619 x1n2onr6 x1ja2u2z x78zum5 x2lah0s x1nhvcw1 x1qjc9v5 xozqiw3 x1q0g3np xyamay9 xykv574 xbmpl8g x4cne27 xifccgj\" style=\"z-index: 0;position: relative;justify-content: flex-start;flex-flow: row;align-items: stretch;flex-shrink: 0;margin: -6px;padding-top: 16px;font-family: inherit\"><div class=\"x9f619 x1n2onr6 x1ja2u2z x78zum5 xdt5ytf x2lah0s x193iq5w xeuugli xsyo7zv x16hj40l x10b6aqq x1yrsyyn\" style=\"padding: 6px;z-index: 0;position: relative;flex-shrink: 0;flex-direction: column;max-width: 100%;min-width: 0px;font-family: inherit\"><img loading=\"lazy\" decoding=\"async\" class=\"x1b0d499 xuo83w3\" src=\"https:\/\/static.xx.fbcdn.net\/rsrc.php\/v3\/yW\/r\/8k_Y-oVxbuU.png\" alt=\"\" height=\"20\" width=\"20\" style=\"border-width: 0px;border-style: initial;vertical-align: -0.25em;filter: var(--filter-placeholder-icon)\"><\/div><div class=\"x9f619 x1n2onr6 x1ja2u2z x78zum5 xdt5ytf x193iq5w xeuugli x1r8uery x1iyjqo2 xs83m0k xamitd3 xsyo7zv x16hj40l x10b6aqq x1yrsyyn\" style=\"padding: 6px;flex: 1 1 0px;z-index: 0;position: relative;align-self: center;flex-direction: column;max-width: 100%;min-width: 0px;font-family: inherit\"><div class=\"x1i10hfl xjbqb8w x1ejq31n xd10rxx x1sy0etr x17r0tee x972fbf xcfux6l x1qhh985 xm0m39n x9f619 x1ypdohk xt0psk2 xe8uvvx xdj266r x11i5rnm xat24cr x1mh8g0r xexx8yu x4uap5 x18d9i69 xkhd6sd x16tdsg8 x1hl2dhg xggy1nq x1a2a7pz x1heor9g xt0b8zv\" role=\"button\" style=\"margin: 0px;text-align: inherit;border-style: none;color: inherit;cursor: pointer;padding: 0px;border-width: 0px;background-color: transparent;font-family: inherit\"><span class=\"x193iq5w xeuugli x13faqbe x1vvkbs x1xmvt09 x1lliihq x1s928wv xhkezso x1gmr53x x1cpjm7i x1fgarty x1943h6x xudqn12 x3x7a5m x6prxxf xvq8zen xo1l8bm xzsf02u\" dir=\"auto\" style=\"font-family: inherit;font-size: 0.9375rem;line-height: 1.3333;color: var(--primary-text);max-width: 100%;min-width: 0px\">Sajmi\u0161na cesta 16, Velika Gorica, Croatia<\/span><\/div><\/div><\/div><div class=\"x9f619 x1n2onr6 x1ja2u2z x78zum5 x2lah0s x1nhvcw1 x1qjc9v5 xozqiw3 x1q0g3np xyamay9 xykv574 xbmpl8g x4cne27 xifccgj\" style=\"z-index: 0;position: relative;justify-content: flex-start;flex-flow: row;align-items: stretch;flex-shrink: 0;margin: -6px;padding-top: 16px;font-family: inherit\"><div class=\"x9f619 x1n2onr6 x1ja2u2z x78zum5 xdt5ytf x2lah0s x193iq5w xeuugli xsyo7zv x16hj40l x10b6aqq x1yrsyyn\" style=\"padding: 6px;z-index: 0;position: relative;flex-shrink: 0;flex-direction: column;max-width: 100%;min-width: 0px;font-family: inherit\"><img loading=\"lazy\" decoding=\"async\" class=\"x1b0d499 xuo83w3\" src=\"https:\/\/static.xx.fbcdn.net\/rsrc.php\/v3\/yT\/r\/Dc7-7AgwkwS.png\" alt=\"\" height=\"20\" width=\"20\" style=\"border-width: 0px;border-style: initial;vertical-align: -0.25em;filter: var(--filter-placeholder-icon)\"><\/div><div class=\"x9f619 x1n2onr6 x1ja2u2z x78zum5 xdt5ytf x193iq5w xeuugli x1r8uery x1iyjqo2 xs83m0k xamitd3 xsyo7zv x16hj40l x10b6aqq x1yrsyyn\" style=\"padding: 6px;flex: 1 1 0px;z-index: 0;position: relative;align-self: center;flex-direction: column;max-width: 100%;min-width: 0px;font-family: inherit\"><div class=\"x78zum5 xdt5ytf xz62fqu x16ldp7u\" style=\"flex-direction: column;margin-top: -5px;margin-bottom: -5px;font-family: inherit\"><div class=\"xu06os2 x1ok221b\" style=\"margin-top: 5px;margin-bottom: 5px;font-family: inherit\"><span class=\"x193iq5w xeuugli x13faqbe x1vvkbs x1xmvt09 x1lliihq x1s928wv xhkezso x1gmr53x x1cpjm7i x1fgarty x1943h6x xudqn12 x3x7a5m x6prxxf xvq8zen xo1l8bm xzsf02u x1yc453h\" dir=\"auto\" style=\"font-family: inherit;font-size: 0.9375rem;line-height: 1.3333;color: var(--primary-text);max-width: 100%;min-width: 0px\">01 6256 154<\/span><\/div><\/div><\/div><\/div><div class=\"x9f619 x1n2onr6 x1ja2u2z x78zum5 x2lah0s x1nhvcw1 x1qjc9v5 xozqiw3 x1q0g3np xyamay9 xykv574 xbmpl8g x4cne27 xifccgj\" style=\"z-index: 0;position: relative;justify-content: flex-start;flex-flow: row;align-items: stretch;flex-shrink: 0;margin: -6px;padding-top: 16px;font-family: inherit\"><div class=\"x9f619 x1n2onr6 x1ja2u2z x78zum5 xdt5ytf x2lah0s x193iq5w xeuugli xsyo7zv x16hj40l x10b6aqq x1yrsyyn\" style=\"padding: 6px;z-index: 0;position: relative;flex-shrink: 0;flex-direction: column;max-width: 100%;min-width: 0px;font-family: inherit\"><img loading=\"lazy\" decoding=\"async\" class=\"x1b0d499 xuo83w3\" src=\"https:\/\/static.xx.fbcdn.net\/rsrc.php\/v3\/yE\/r\/2PIcyqpptfD.png\" alt=\"\" height=\"20\" width=\"20\" style=\"border-width: 0px;border-style: initial;vertical-align: -0.25em;filter: var(--filter-placeholder-icon)\"><\/div><div class=\"x9f619 x1n2onr6 x1ja2u2z x78zum5 xdt5ytf x193iq5w xeuugli x1r8uery x1iyjqo2 xs83m0k xamitd3 xsyo7zv x16hj40l x10b6aqq x1yrsyyn\" style=\"padding: 6px;flex: 1 1 0px;z-index: 0;position: relative;align-self: center;flex-direction: column;max-width: 100%;min-width: 0px;font-family: inherit\"><div class=\"x78zum5 xdt5ytf xz62fqu x16ldp7u\" style=\"flex-direction: column;margin-top: -5px;margin-bottom: -5px;font-family: inherit\"><div class=\"xu06os2 x1ok221b\" style=\"margin-top: 5px;margin-bottom: 5px;font-family: inherit\"><span class=\"x193iq5w xeuugli x13faqbe x1vvkbs x1xmvt09 x1lliihq x1s928wv xhkezso x1gmr53x x1cpjm7i x1fgarty x1943h6x xudqn12 x3x7a5m x6prxxf xvq8zen xo1l8bm xzsf02u x1yc453h\" dir=\"auto\" style=\"font-family: inherit;font-size: 0.9375rem;line-height: 1.3333;color: var(--primary-text);max-width: 100%;min-width: 0px\">tanjalah10@gmail.com<\/span><\/div><\/div><\/div><\/div><\/ul><\/div><\/h2>\t\t<\/div>\n\t\t\t\t<\/div>\n\t\t\t\t\t<\/div>\n\t\t\t\t<\/article>\n\t\t\t\t<\/div>\n\t\t","protected":false},"excerpt":{"rendered":"<p>Salon Skin Brinemo o Vama ve\u0107 vi\u0161e od 10 godina Nazovite nas &nbsp;&nbsp;&nbsp;&nbsp;&nbsp;&nbsp;&nbsp;Karta&nbsp;&nbsp;&nbsp;&nbsp;&nbsp;&nbsp;&nbsp; Salon ljepote po Va\u0161oj mjeri Salon Skin je vje\u010dni raj za ljepotu! S vi\u0161e od desetlje\u0107a iskustva, na\u0161 salon pru\u017ea vrhunske usluge njege ko\u017ee, osvje\u017eavaju\u0107e tretmane i predanost vje\u010dnoj ljepoti. Otkrijte tajnu sjajne ko\u017ee s nama! Tretmani lica Depilacije Tretmani za mr\u0161avljenje [&hellip;]<\/p>\n","protected":false},"author":1,"featured_media":0,"parent":0,"menu_order":0,"comment_status":"closed","ping_status":"closed","template":"elementor_canvas","meta":{"footnotes":""},"class_list":["post-56","page","type-page","status-publish","hentry"],"_links":{"self":[{"href":"https:\/\/salon-skin.hr\/index.php?rest_route=\/wp\/v2\/pages\/56","targetHints":{"allow":["GET"]}}],"collection":[{"href":"https:\/\/salon-skin.hr\/index.php?rest_route=\/wp\/v2\/pages"}],"about":[{"href":"https:\/\/salon-skin.hr\/index.php?rest_route=\/wp\/v2\/types\/page"}],"author":[{"embeddable":true,"href":"https:\/\/salon-skin.hr\/index.php?rest_route=\/wp\/v2\/users\/1"}],"replies":[{"embeddable":true,"href":"https:\/\/salon-skin.hr\/index.php?rest_route=%2Fwp%2Fv2%2Fcomments&post=56"}],"version-history":[{"count":65,"href":"https:\/\/salon-skin.hr\/index.php?rest_route=\/wp\/v2\/pages\/56\/revisions"}],"predecessor-version":[{"id":155,"href":"https:\/\/salon-skin.hr\/index.php?rest_route=\/wp\/v2\/pages\/56\/revisions\/155"}],"wp:attachment":[{"href":"https:\/\/salon-skin.hr\/index.php?rest_route=%2Fwp%2Fv2%2Fmedia&parent=56"}],"curies":[{"name":"wp","href":"https:\/\/api.w.org\/{rel}","templated":true}]}}